Give v(y).
-7
Let p(b) = 1 - 266*b**2 + 267*b**2 + 9 + b. Suppose 2*c + 12 = 2*d, -29 = 3*c + c + d. What is p(c)?
52
Let c(m) = -m**3 - 6*m**2 - 7*m - 4. Suppose g - 12 = -164. Let k = -157 - g. What is c(k)?
6
Let c(s) = -7 + 5*s**2 + 3*s**2 - 7*s**2 - 3*s. Give c(-7).
63
Let w(j) be the second derivative of j**5/20 + 3*j**4/4 - 7*j**3/2 - 2*j**2 + 9407*j. What is w(-11)?
-15
Let v(c) = 0*c**3 + 5245 + 0*c**3 - 2*c**3 + 9*c**3 - 5244 + c. What is v(-1)?
-7
Suppose -9*s + 99 + 63 = 0. Let j be (-174)/42 - s/21. Let d(z) = z**3 - z. Let n(q) = q**3 - 6*q**2 - 7*q + 7. Let v(l) = 2*d(l) - n(l). Give v(j).
-7
Let b(t) = -17*t + 21. Let w be b(3). Let n(h) = -h**3 - 30*h**2 - 2*h - 53. Let l be n(w). Let y(x) = -8*x + 20*x - l*x - 4*x. Determine y(2).
2
Let f(b) = -b**3 - 6*b**2 + 8*b. Suppose 3*l - 20 = 4*v, 4*v - 6*v - 10 = -4*l. Suppose l = -g + 1, 0*w + w - g = 8. Suppose x = 2 - w. Calculate f(x).
-7
Let k(r) = r**2 + 16*r + 19. Let n be 5 + (10 + -9 - (-1)/(-1)). Suppose 0 = -5*z + 25, -n*w - 3*z - 10 - 50 = 0. What is k(w)?
4
Let a(c) be the first derivative of c**2/2 - 18*c + 1343. What is a(13)?
-5
Let f(j) = j + 11. Let k be 2*(-31)/2 + -1. Let d = k + 29. Let o be (1 - 5/d)/((-5)/15). Calculate f(o).
3
Suppose -x - 2*h + 10 = 0, -4*x = 8*h - 13*h - 66. Let w(r) = -r**3 + x + 2*r + 5*r**3 - 15. What is w(1)?
5
Let f(o) = o**2 + 2*o + 2. Let g be f(-2). Suppose 4*z - 27 = -15. Suppose g*x = x + z. Let u(c) = c + 1. Give u(x).
4
Let t(s) = -s**2 - 12. Let a(z) = 31*z**3 - 2*z**2 + 9*z - 3. Let y be a(2). Let c = y + -255. Calculate t(c).
-12
Let n(s) = -s + 6. Let d be 1 - 4 - (-155)/(-10)*-2. Suppose 22*r - d*r + 18 = 0. Calculate n(r).
3
Let p(b) be the third derivative of b**5/60 + b**4/24 - 3*b**3 - 97*b**2. What is p(-8)?
38
Let a be 1 - 9 - (0 - 1). Let l = 61 + a. Let m = l + -55. Let s(r) = -12*r**2 - r. What is s(m)?
-11
Let b(l) be the third derivative of 1/10*l**5 - 1/360*l**6 - 17*l**2 - 1/2*l**4 - 2/3*l**3 + 0*l + 0. Let p(x) be the first derivative of b(x). Calculate p(11).
-1
Suppose -5*o + 972 = -17*o. Let t = -78 - o. Let q(d) = d**t + d + 4*d**2 + 5 - 8*d + 8*d + d**2. Determine q(-5).
0
Let g(u) = -24653*u + 468403. Let b be g(19). Suppose 3 + 1 = 2*r. Let o(m) = 2*m - 7. Let c(w) = w - 6. Let p(h) = r*o(h) - 3*c(h). Give p(b).
0
Let y(k) be the second derivative of 3*k**5/20 + k**4/3 + 5*k**3/6 - k**2/2 + 3322*k. Determine y(-2).
-19
Let t(m) = 10*m**3 - 3*m**2 + 42*m + 5. Let q(f) = -7*f**3 + 2*f**2 - 30*f - 4. Let y(s) = -7*q(s) - 5*t(s). Let n = -1 + 3. What is y(n)?
-1
Let i(a) be the second derivative of -2 + 1/6*a**3 + 17*a + a**2. Give i(12).
14
Let p(i) be the first derivative of i**3/3 + 11*i**2/2 + 19*i - 6457. Give p(-5).
-11
Let x(c) = 1. Let q(p) = p**2 - 8*p - 3. Let i(a) = -a**2 + 7*a + 3. Let w(d) = 6*i(d) + 5*q(d). Let t(n) = w(n) - 4*x(n). Give t(4).
-9
Let n(p) = -3*p**2 + 2*p. Let r be (-1)/6 - ((-1228)/24 + 0). Let q be r/(-3) - (-3 + -2). Let t be (-1)/(12/(-16))*q/(-8). What is n(t)?
-8
Let u(j) be the third derivative of -1/12*j**4 - 28*j**2 - 1/30*j**5 + 0*j - 1/2*j**3 + 0 - 1/120*j**6. Let o(w) = w**2 + 12*w - 15. Let f be o(-13). Give u(f).
1
Let u(s) = -5*s**3 + s**2 + s + 1. Let q(d) = -d**3 - 10*d**2 + 6*d + 61. Let l be q(-10). Determine u(l).
-2
Suppose 36*v - 37*v = -2*s + 26, -4*v - s - 86 = 0. Let m(x) = -2*x - 46. Calculate m(v).
-2
Let x(r) = -2*r - 10. Let k be x(-4). Let o(m) be the second derivative of 1/6*m**3 + 0 - m**2 - 1/6*m**4 + 3*m. What is o(k)?
-12
Let m(y) = 0*y - 3*y - 10 + 2*y. Let n = -197483 - -197475. What is m(n)?
-2
Let s(z) = -z**2 - 14*z - 5. Let v be s(-13). Suppose 0*a + 17 = 4*a - 3*k, -2*a + v = -2*k. Let c(d) = d**3 - 6*d**2 + 5*d + 1. Calculate c(a).
1
Let h(m) = m**2 - 6*m - 11. Let u(o) = -3. Let x(p) = h(p) + 2*u(p). Determine x(12).
55
Let w be 50/45 + (-8)/72. Let x(g) = g**3 - 2*g**2. Let p(a) = 3*a**3 - 8*a**2 - 2*a + 3. Let k(m) = w*p(m) - 4*x(m). What is k(2)?
-9
Let x(k) be the second derivative of -k**3/6 - 16*k**2 - 6*k + 124. Calculate x(-39).
7
Let n = -16 + 17. Let y(f) = -3*f**3 + 11*f**2 + 6*f - 3. Let j(t) = -t**3 + 4*t**2 + 2*t - 1. Let v(m) = 11*j(m) - 4*y(m). Calculate v(n).
0
Let h(k) = -244*k - 240*k + 2 - 9 + 13 + 480*k. Suppose -b - 3*b + 12 = 0. What is h(b)?
-6
Let a(c) be the first derivative of -11*c**4/4 + c**2 - c + 22. Let i = 38 - 36. Suppose 1 = -i*b + 3. Give a(b).
-10
Let g(q) = -1311*q - 3961. Let u be g(-3). Let s(d) = d**3 + 29*d**2 + 31*d + 87. Determine s(u).
3
Let t(n) be the first derivative of -5*n**2/2 - 2*n + 29. Suppose 48*x + 41*x = -267. Give t(x).
13
Let s(h) = -h + 8. Suppose 3*z = -4*g + 11, 4*g - z - 14 = -3*z. Suppose -10*v + 20 = -5*v, -44 = -4*a - g*v. What is s(a)?
2
Suppose -23 = -s - 3*u, -7*s + 3*u = -2*s - 25. Suppose 0*b + 4*b = s. Let y(f) = 0*f**b + 1 + f**2 - 16*f + 13*f. Give y(3).
1
Let k be 1 + 0*4/48*-4 - -5. Let v(u) = 22*u - 133. Give v(k).
-1
Let n(m) = -3*m + 23. Let v(q) = 5*q - 1. Let b(t) = -n(t) - 2*v(t). What is b(-10)?
49
Let m(p) be the third derivative of -p**4/24 - 23*p**3/3 + p**2 - 195*p. Determine m(-51).
5
Let v(m) = -m**3 - 5*m**2 - 2*m - 2. Let b = -85 - -85. Let j(a) = a**2 - 27*a - 4. Let k be j(b). Give v(k).
-10
Let v(p) = 2*p**3 + p**2 + 2*p - 1. Let b(y) = y + 12. Let a be b(-7). Suppose -a*h + 21 = s, -5*h + 5*s + 7 + 8 = 0. Suppose 0*o - 8 = h*o. What is v(o)?
-17
Let c(f) = -5*f**2 - 4*f + 3. Let s(w) = w**2. Let g(k) = -c(k) - 4*s(k). Suppose 44*q = 7*q + 74. What is g(q)?
9
Let p(d) be the third derivative of d**7/840 - d**6/40 + d**5/12 - d**4/3 - 335*d**3/6 - 328*d**2. Let b(j) be the first derivative of p(j). Calculate b(8).
8
Let b(w) be the first derivative of 5/3*w**3 + 49 - 1/4*w**4 + 0*w**2 + 2*w. Calculate b(3).
20
Suppose -2*h = d - 689 + 139, -4*d + 5*h + 2252 = 0. Let s = d - 562. Let o(i) = -i**2 - 3*i - 4. Give o(s).
-8
Suppose 21*w + 44 - 49 = -47. Let t(s) = -3*s**2 + 10*s + 18. What is t(w)?
-14
Let y(t) = 6*t**2 - 26*t + 19. Let i(s) = 7*s**2 - 29*s + 21. Let v(b) = -5*i(b) + 6*y(b). Calculate v(1).
-1
Let u be (216/(-144))/(3/(-10)). Let s(m) be the second derivative of 3/2*m**2 + 0 - 1/3*m**3 - m. Determine s(u).
-7
Let i(t) be the first derivative of 1/3*t**3 - 19*t + 1/2*t**2 - 1. Let v = -81120 - -81120. Calculate i(v).
-19
Suppose -3*l = -2*j + 5*j + 78, 3*l + j = -66. Let p(z) = -4*z - 61. Give p(l).
19
Let l(b) be the first derivative of -114 - 2*b**2 - 1/3*b**3 + 3*b. Let z be (2/3)/(1/(-6)). Give l(z).
3
Let n(l) = -9*l + 35. Let k(c) = 91*c - 351. Let z(g) = 4*k(g) + 39*n(g). Let m be z(8). Let y = m + -72. Let u(q) = -2*q - 8. Calculate u(y).
6
Let r(z) be the first derivative of -18 - 11*z + 1/6*z**3 - 4*z**2 + 1/12*z**4. Let s(u) be the first derivative of r(u). Determine s(0).
-8
Let j(x) = -x**2 + 5*x + 5. Let c be j(5). Let z(p) = 11*p**2 - 56*p. Let v be z(c). Let h(m) = -4*m - 3*m**2 + 2 + 2*m**2 - 3*m**2 + 3*m**2. Determine h(v).
-3
Let r(g) = -g**2 + 15*g - 8. Let f(m) = -240*m + 250. Let q be f(1). What is r(q)?
42
Let g(v) = -38 - 3*v + 55*v + 44. What is g(-1)?
-46
Suppose 7*d - s = 2*d - 1, 0 = 2*s - 2. Let a(c) = -76*c + 0*c**2 + d*c**2 - 2*c**2 + 75*c. Determine a(-2).
-6
Let z(p) = p + 8. Suppose -t + 47*t + 138 = 0. What is z(t)?
5
Let j(g) be the first derivative of -g**4/4 - 2*g**3 - 3*g**2/2 + 4*g + 1. Let r be 880/308*56/(-32). What is j(r)?
-6
Let x(y) be the first derivative of -y**3/3 + 8*y**2 - 53*y + 1399. Give x(11).
2
Let o(h) = 10*h. Let l(g) = 7*g - 44. Suppose 13*w - 84 = w. Let q be l(w). Let k be (4/(-10))/((4/q)/(-2)). Give o(k).
10
Suppose 2*v - 2*s - 17 = -5, -2*s = -4. Let m(q) = 4*q**3 - 3*q**2 + 8*q + 5. Let p(f) = -f**3 + 2*f**2. Let t(g) = m(g) + 5*p(g). Give t(v).
5
Let i(b) = -b**2 + 8*b - 9. Let u(a) = -29*a + 325. Let n be u(9). Suppose 0 = -n*f + 73*f - 54. Determine i(f).
3
Let g(b) be the first derivative of 1/3*b**3 + 78 - 3/2*b**2 - b. Give g(-3).
17
Let t(j) = j**2 - 5*j + 6. Suppose -3*l + 77 - 11 = 0. Let o = 22 - l. Suppose 0*w + 5*x = -2*w - 10, -4*w - 2*x + 12 = o. Calculate t(w).
6
Let k be 3 - 20/5 - -27. Suppose 0 = -4*m - 4*s + 4, -k = -3*m + s - 15. Let w(b) = b - 7. What is w(m)?
-4
Let o = -42 - -45. Suppose -4*l + o*c + 24 = 0, -2*l + 0*c - 4*c = 10. Suppose l*